d by 13.
11
Suppose -z + 3*w - 102 = -4*z, 2*z + 3*w - 70 = 0. What is the remainder when 94 is divided by z?
30
Let y(m) = 3*m + 6. Calculate the remainder when y(2) is divided by 3.
0
Suppose 0 = 3*n + q + 4*q - 39, 0 = 5*q. Calculate the remainder when 50 is divided by n.
11
Suppose 0 = -0*h + 2*h + 3*u - 117, 0 = 2*h - 3*u - 99. Suppose 0 = -3*p - 2*f + 6*f + 95, 2*f - h = -2*p. Calculate the remainder when p is divided by 8.
5
Suppose 0 = 4*l - l - 39. Suppose -4*z + 1 = -4*p + l, -p = z - 5. Calculate the remainder when 7 is divided by p.
3
Let j(n) = -9*n + 1. What is the remainder when j(-2) is divided by 7?
5
Calculate the remainder when 1348/20 - 8/20 is divided by 18.
13
Suppose 2*j - 69 = -j. What is the remainder when j is divided by (-105)/(-8) + 4/(-32)?
10
Let n = 80 - 263. Let g = n - -262. Let z = g - 41. Calculate the remainder when z is divided by 13.
12
Suppose 3*c - 72 = c. Calculate the remainder when c is divided by 19.
17
Suppose 5*f = -0*f. Suppose 4*n = -2*v + 56, -4*n - 4*v + 79 - 19 = f. Calculate the remainder when 37 is divided by n.
11
Let k(g) = -2*g - 24. Let b be k(-13). Suppose -b*u - 115 = -7*u. Calculate the remainder when u is divided by 8.
7
Suppose -5*u - 19 - 129 = -t, 2*t - 4*u = 278. What is the remainder when t is divided by 45?
43
Suppose -28*o + 174 = -22*o. Suppose -i + 9 + 1 = 0. Calculate the remainder when o is divided by i.
9
What is the remainder when (5/1 - 2) + (22 - 6) is divided by 12?
7
Suppose -3*s = 5*d - 28, 27 = 4*s + 3*d - 25. What is the remainder when 46 is divided by s?
14
Suppose 5*a = 2*k - 122, 3*a - 154 = k - 3*k. Calculate the remainder when k is divided by 18.
17
Let k(t) = t**2 - 5*t + 13. Calculate the remainder when 168 is divided by k(6).
16
Let u(n) = 7*n. Suppose 0 = 3*a + 2 - 11. Calculate the remainder when 925/15 - 4/6 is divided by u(a).
19
Suppose -2*j - 2*j = -12. Suppose -4*o + 0*l + 177 = 3*l, 0 = j*o + 4*l - 124. Calculate the remainder when o is divided by 25.
23
Let p = -16 + 1. Let m = 30 + p. Calculate the remainder when 45 + 0 + (-1 - 1) is divided by m.
13
Let c(y) = y**3 - 3*y**2 - 2*y + 1. Let g be c(4). Suppose -60 = 4*d - g*d. Let p(i) = i**2 - 3*i - 47. Calculate the remainder when p(10) is divided by d.
11
Let f = 54 - 31. Calculate the remainder when 66 is divided by f.
20
Suppose 4*t - 415 = -3*u, -t + 3*u = u - 90. Suppose -t - 11 = -3*n. Calculate the remainder when n is divided by 10.
7
Suppose 0 = 3*o + 5*t + 5, -o + 3*t - 13 = -6*o. Calculate the remainder when 17 is divided by o.
2
Let b = 136 - 66. Let g(a) = 3*a - 9. What is the remainder when b is divided by g(11)?
22
Let v(o) = 80*o. Let b(q) = -27*q. Let w(t) = 14*b(t) + 4*v(t). Let a be w(-1). Suppose j = -0*j + a. What is the remainder when j is divided by 20?
18
Suppose -5*p = 6 + 9. Suppose 2*b - 6*b = -36. Calculate the remainder when -3*(-2)/p - -18 is divided by b.
7
Let n = -8 - -38. Calculate the remainder when 87 is divided by n.
27
Let u be -16*((-9)/(-6) + -1). Let j be (-44)/(-3) - (-14)/42. Let k = j + u. Calculate the remainder when 11 is divided by k.
4
Let o = -21 - -29. Let b(t) = -t**2 + 10*t + 1. Calculate the remainder when b(7) is divided by o.
6
Suppose 0 = -7*k - 4*k + 374. What is the remainder when k is divided by 9?
7
Let o = 1 - -10. Calculate the remainder when 20 is divided by o.
9
Suppose 0 = -3*b + 92 - 17. Calculate the remainder when 72 is divided by b.
22
Let y = -3 - 35. Let t = y + 106. Let o = 44 + -21. Calculate the remainder when t is divided by o.
22
Suppose 2*o - 26 = -3*o + 4*y, 0 = 5*o + 4*y + 6. Let i = -1 + 2. Suppose 0 = -3*p, -o*g + i = 5*p - 3. Calculate the remainder when 5 is divided by g.
1
Suppose -c = -4 - 1. Suppose 0 = 2*l - 5*u + 9, c*u = 3*l + 2*u. Suppose -l*r + 18 = -r. What is the remainder when 26 is divided by r?
8
Let t be (1/(-3))/((-5)/30). Suppose -2*y + 76 = 2*a, -4*y = -t*a - 28 - 100. What is the remainder when y is divided by 12?
10
Let m = 8 + -4. Suppose -7 = 4*n - 43. Calculate the remainder when n is divided by m.
1
Suppose -4*i = 4*h - 12, i - 5 = 5*h - 4*i. Let k = -3 + h. Calculate the remainder when 10 is divided by (-8)/(0 + k + 0).
2
Suppose 4*t - 2*t - 26 = 0. Let q = -69 - -120. Calculate the remainder when q is divided by t.
12
Let y = 48 + -8. Calculate the remainder when 75 is divided by y.
35
Suppose -75 = -4*q - q. What is the remainder when 27 is divided by q?
12
Let o = 15 + 2. Let m(j) = 3*j**2 + 6*j + 22. Calculate the remainder when m(-3) is divided by o.
14
Suppose 4*s + 16 - 44 = 0. What is the remainder when 3/(1/(-2) + (-187)/(-242)) is divided by s?
4
Let j(i) = i - 3. Let t be j(6). Suppose 2*b - 9 = -u + b, -t*u + b + 15 = 0. What is the remainder when u is divided by 2?
0
Suppose -4*n = -3*f - 66, 5*n = 3*f - 5*f + 94. Let j = n - 3. What is the remainder when j is divided by 9?
6
Let b = -218 + 322. Calculate the remainder when b is divided by 35.
34
Suppose 0 = -10*b + 5*b + 65. Calculate the remainder when 47 is divided by b.
8
Let b(c) = -2*c**3 - 10*c**2 - 11*c + 9. Let v(m) = 5*m**3 + 21*m**2 + 23*m - 19. Let y(t) = 7*b(t) + 3*v(t). What is the remainder when 11 is divided by y(8)?
5
Let d be (5/3)/((-2)/(-6)). Suppose -o + 4 = -0*o, 3*h + d*o - 83 = 0. Suppose x = 2*x - 11. What is the remainder when h is divided by x?
10
Suppose -7*n + 22 + 41 = 0. Calculate the remainder when n is divided by 5.
4
Suppose -4*b - 3*z = -20 - 60, 76 = 4*b + 4*z. Suppose -37 - b = -4*t. Calculate the remainder when 42 is divided by t.
12
Suppose -n + 4*v + 57 = 0, -2*v + 79 = 2*n - 3*v. Suppose -2*j + 0*j = -26. Calculate the remainder when 6/(-3) + 3 + n is divided by j.
12
Let i(j) be the second derivative of -j**4/12 + 3*j**3/2 - 5*j**2/2 + j. Calculate the remainder when 27 is divided by i(5).
12
Let j(y) = y**3 - 6*y**2 + 2*y + 9. What is the remainder when 83 is divided by j(6)?
20
Let a = 132 + -87. What is the remainder when a is divided by 12?
9
Suppose -3*a + 942 = -0*a. Let l = a - 150. Suppose -4*h + l = -2*f, -3*h + 0*f + 121 = -2*f. Calculate the remainder when h is divided by 22.
21
Suppose 4*u - 2*p - 34 = 0, 2*u = -4*p - 3 - 5. Calculate the remainder when u is divided by 3.
0
Let f(u) be the third derivative of u**5/6 + u**4/24 - u**3/6 - 5*u**2. Calculate the remainder when 18 is divided by f(1).
8
Let t be 6 + 2/2 + -3. Suppose 0 = -4*c - 3*n + 29, 2*c = n + 11 - t. Suppose 0 = a - 3 - c. Calculate the remainder when 15 is divided by a.
7
What is the remainder when (3 + -24)/(-3) + 3 is divided by (18/15)/(2/10)?
4
Let u = 13 - 1. Calculate the remainder when (50 - 1 - 2) + -1 is divided by u.
10
Let n = 0 - 13. Let v = n + 19. Calculate the remainder when v is divided by 3.
0
Let k(q) = q**2 + 6*q + 8. Let d be k(-8). Let n = d - 11. What is the remainder when 25 is divided by n?
12
Suppose -4*h + g = -g - 310, -5*g + 365 = 5*h. Calculate the remainder when h is divided by 16.
12
Suppose 6*k - 136 = 2*k - 4*v, -152 = -5*k + 4*v. Let d = 5 - -6. What is the remainder when k is divided by d?
10
Let l(k) = -k**3 - 4*k**2 + 6*k + 3. Let g be l(-5). Calculate the remainder when 26 is divided by (-1 - -5) + g - -7.
8
Suppose -2*c = 2*c - 508. Suppose -3*n + c = -5*q, -3*q = q - 16. Calculate the remainder when n is divided by 17.
15
Let d(s) = -s**2 + 9*s + 5. Let q = -25 - -35. What is the remainder when d(7) is divided by q?
9
Let z = -1 - -6. Suppose -z*m = -7*m + 6. What is the remainder when 9 is divided by m?
0
Suppose 0 = 3*s - 3 - 3, 5*g + 29 = -3*s. Suppose -4*p - 15 - 7 = -2*j, 83 = 4*j + 5*p. Let w = j + g. Calculate the remainder when 18 is divided by w.
8
Let u(x) = x**2 + 14. What is the remainder when u(-9) is divided by 12?
11
Calculate the remainder when 5/15 + 44/12 is divided by 3.
1
Suppose -2*y = -l + 11, -2*l + 13 = -4*l - 3*y. Let n(z) = -6*z. Let h be n(l). Let g(u) = -2*u + 1. Calculate the remainder when 50 is divided by g(h).
11
Let v = 0 - -8. Suppose 0 = p + 3*g - 25, 3*g = -3*p - g + 70. What is the remainder when p is divided by v?
6
Let l(i) = i**2 + 5*i - 6. What is the remainder when 30 is divided by l(-7)?
6
Suppose 4*j = 4*l - 80, -l = 5*j + 7 - 3. What is the remainder when 63 is divided by l?
15
What is the remainder when 88 is divided by 